t is -3 + (11 - 5) + (-9 - -3) - 5?
-8
What is the value of 4 + 3 + 1 + -7 + 15?
16
What is the value of (-10 - (5 - 10)) + 54 + -38?
11
Evaluate 1 + 23 - (37 + -26).
13
Evaluate (1 - 1) + (48 + -63 - (0 + -3)).
-12
Calculate -28 - (18 - 37) - -2.
-7
Evaluate -20 - (3 - 0) - -3.
-20
What is the value of 0 - (-2 + 2) - (231 + -240)?
9
Evaluate -14 + (8 + -13 + 10 - (2 - 2)).
-9
What is -24 + 24 + -3 + (-4 - -21) - 5?
9
Calculate -17 + 55 + -14 + -7.
17
What is the value of -26 - ((-3 + -4 - (3 + -16)) + -11)?
-21
Calculate (31 - 7 - 10) + -1 + -4.
9
What is -4 + -1 - (25 + -12 + -15)?
-3
8 + (-91 - -98) + (8 - 1) + 4
26
Calculate -52 + 29 + -16 + 26.
-13
Calculate (2 - (-14 - -22)) + 0.
-6
1 + (-2 + 28 - 22)
5
Calculate 4 - (10 + (-12 - -24 - 11)).
-7
Calculate 16 + 25 + -45 - -16.
12
Calculate -22 + (-15 - (-24 + (12 - 5))).
-20
Evaluate 38 + -43 + -3 + (-1 - 7).
-16
Calculate (29 - 0) + -230 + 207.
6
Evaluate -41 - (-42 - -3) - -23.
21
What is 31 + (12 - (38 - 14))?
19
Calculate -21 + 6 + 9 + (3 - 3).
-6
-15 - (-5 + 6 - 15)
-1
(9 + -16 - -4) + -4 - -25
18
22 + -25 + (9 - 1) - 13
-8
What is 2 + (-7 + (14 - -2) - (-5 - -11))?
5
What is 0 + (2 - 9) - (22 - 23)?
-6
What is 10 - ((-2 - -35) + -25 + 15)?
-13
Calculate -4 - (8 - (0 - -6 - 8 - -4)).
-10
Evaluate (43 - 54 - (3 + -1)) + -8.
-21
What is (40 - 33) + (-12 - -11)?
6
Evaluate 5 - (-6 + (-12 - -26) + -8).
5
Evaluate -1 + -3 + 2 - (62 - 54).
-10
What is (-12 - -17) + (-2 - 1 - (-18 + 8))?
12
Calculate (5 - (-11 - -14)) + (0 - 5).
-3
What is -3 + -7 - (8 + -31)?
13
1 + 0 + 25 - (37 - 47 - -16)
20
Evaluate 13 + -15 + (-4 - -2) + 16.
12
Calculate -1 - (-178 + 206 + (-1 - 0)).
-28
0 + (-11 - -3) + 10 + -4 - -7
5
Evaluate -1 + 2 + -8 + (16 - (12 - -4)).
-7
-3 - (17 - 17) - -4
1
What is 16 - -21 - 14 - 44?
-21
What is (8 - (22 - 20)) + -1?
5
Evaluate -5 - (26 - 20) - (0 - 10).
-1
What is 3 + 6 - ((-28 - -19) + -7 + 21)?
4
What is the value of (-8 + 15 - 2) + -1 + -1?
3
3 + -2 + -43 + 37
-5
2 + -8 - (141 - 154)
7
-6 + (2 - (0 - -3)) + (31 - 19)
5
What is 21 + -3 + 2 - 35?
-15
What is the value of -39 + 5 + -9 - (-35 - -19)?
-27
((-4 - -3) + 2 - -2) + -13 - -2
-8
What is 0 + 16 - 15 - 9 - (0 - -7)?
-15
What is 4 + 0 - (-25 - -27) - (3 + 5)?
-6
What is 9 - 24 - 2 - (-47 - -1)?
29
-22 + (-7 - -11) - ((3 - 1) + -1)
-19
-54 - (-14 - (41 + -28))
-27
What is the value of -7 + 13 + 8 + (-8 + 3 - -2)?
11
What is 6 - 2 - 0 - (-12 + 21)?
-5
Evaluate -18 - (-27 + 28 + -13).
-6
(-1 - (11 + 8 + -15)) + -16 + 7
-14
What is (-5 - (-2 - 0)) + 7 + -14 + 18?
8
1 - (-6 + -30 + 13 + -7) - 0
31
-36 + (-6 - ((0 - 11) + -7) - 8)
-32
What is the value of (1 - (6 + 0)) + 0 + -14 + 14?
-5
Calculate 0 + 0 + 2 + -1 + -4.
-3
What is the value of (6 - 17 - -23) + (3 - 20)?
-5
-22 - -47 - (11 - -34)
-20
What is the value of (22 - 19) + (-17 - (-6 - 3))?
-5
What is (-1 + 14 - 43) + 15?
-15
What is 1 + 13 - (-67 - (35 + -118))?
-2
20 - -1 - (29 - 37)
29
Evaluate (-2 - 1) + (-40 - (10 + -25)).
-28
(-3 - (-9 + (-3 + 0 - -9))) + 6
6
Calculate 11 + (2 + -8 - (-2 + 2)).
5
(3 - 11) + (2 - (7 - 11))
-2
What is the value of 6 + (8 - 4 - 17)?
-7
What is 8 + (19 + -23 - -12)?
16
Calculate 17 - (-10 - (8 + -11 + -4 + -1)).
19
Calculate -11 + (7 - 10) - -8.
-6
What is (2 - (14 - -10)) + 10?
-12
Calculate (5 - (-6 - (-23 + (-1 - -4)))) + -5.
-14
Calculate 27 + -4 + (36 - 81).
-22
Calculate -1 + 3 + 1 - 1.
2
What is -47 - (-33 - (12 - 29))?
-31
Evaluate -759 + 757 - (-30 - 0).
28
What is -5 - 3 - (-33 - (-53 - -28))?
0
What is (-4 - -1) + -3 + 25 + (2 - 12)?
9
11 - (-85 + 109) - (2 - 1)
-14
(55 - (-5 + 84)) + 12 + 1 + -1
-12
0 + (5 - (-4 - -6)) - -1 - 7
-3
Calculate -4 - (3 - (-8 + 23 + -7)).
1
Calculate -36 + 39 - (14 + -15).
4
What is -62 + -36 + 49 - (-10 - 2)?
-37
-2 + -1 + -3 + 10 - -4
8
What is the value of -11 + (2 + -5 - (-6 - -4))?
-12
What is the value of -9 - (-22 - (-20 + -2))?
-9
-13 + 6 + 12 + -14 + -16
-25
What is the value of 44 + -36 + (0 - 15)?
-7
What is (-5 + 9 + 0 - 5) + 8?
7
7 - 19 - (7 - 9)
-10
(130 - 154) + -13 + -1 - -12
-26
What is the value of 2 + -1 + 0 - (4 + -24 + 14)?
7
Calculate (10 - 11) + 8 + -9.
-2
What is the value of (4 - -1) + 1 + 11 + (6 - 11)?
12
Evaluate -3 + 3 - (-3 - 3 - 2) - 13.
-5
What is 6 + 5 - (-2 + (-2 + 0 - 0))?
15
What is the value of -5 + 19 + -14 + 7?
7
Evaluate -5 + -1 - ((1 - -7) + 60 + -66).
-8
(8 - (1 + -12) - 6) + -1
12
-13 + (-7 - (-10 + -14))
4
-8 + (1 - 3) - -8
-2
What is (14 + -1 - (-81 + 106)) + 22?
10
What is -12 + 7 - (-1 + -1 + (1 - 1))?
-3
What is the value of -11 + (19 - (12 - 4)) - (-2 + 8)?
-6
What is the value of 19 + (-4 - (10 + -7)) + 1 + -2?
11
Evaluate 0 + -13 + 7 + (7 - 3) - 3.
-5
(5 - 10) + 2 - -2
-1
Evaluate -2 + 1 - (-9 - -7 - 2).
3
What is the value of -16 - 3 - -21 - -12?
14
What is -13 + 12 + (7 - ((-3 - -5) + -4))?
8
What is the value of (11 - (-2 + 4)) + 0 + -2 + -2?
5
Calculate (47 + -23 - 12) + -19.
-7
What is the value of (-3 - (-14 - -7)) + (2 - 2) + -17?
-13
Calculate -12 - (-8 - (-10 + -3)).
-17
Evaluate 2 - (-2 + -1) - 0 - (-193 + 215).
-17
-1 - 23 - (9 + -14 - (17 - 33))
-35
What is the value of 26 - (5 - 12 - (-6 + -10 + 13))?
30
What is the value of (4 - 22) + 7 + 6?
-5
Calculate (118 - 100) + (4 - 0 - 2).
20
Evaluate -7 + (7 - 39) + 9.
-30
What is the value of -50 + 36 + 1 + -1 + 0?
-14
Evaluate 3 + 3 + -14 + 5 - -1 - -10.
8
Calculate 0 + (-39 - -21) - -20.
2
Evaluate 5 + (-43 - -41 - (-1 - -6)) - -22.
20
What is the value of 16 + (-12 - 2) + (-4 - -1)?
-1
What is the value of 0 + 16 - 23 - -13?
6
(0 - -10) + (-14 - (-60 - -83))
-27
-8 - (-5 - (-2 - (-4 + 2)))
-3
What is -16 - -34 - 18 - (-3 - 20)?
23
Calculate 20 - ((4 - 2) + -14 - (45 - 52)).
25
-1 + (10 - 9 - (7 - 4 - 0))
-3
What is -14 + (13 - -1 - (-43 - -48))?
-5
What is (9 - (6 + -5 - -12)) + (2 - 3)?
-5
What is 9 + 6 - (-3 + 30)?
-12
What is the value of (-1 + -6 + -2 + 2 - -4) + 6?
3
Evaluate (16 - 45) + 3 + (-9 - -7) + 9.
-19
Evaluate (-241 - -247) + -1 + (2 - 21 - -2).
-12
What is -67 - (6 - 44) - 8?
-37
Evaluate -16 - (-4 + 0 - 4) - (-4 - -2).
-6
What is -8 + (-1 - (7 - 6)) - -9?
-1
Evaluate 6 + -230 + 224 + (1 - 25).
-24
What is the value of 1 - (8 + -2 + (-12 + 10 - -12))?
-15
Calculate (-10 + (1 - -3) - -10) + -27.
-23
Calculate 7 + -2 + 6 + 15 - -1.
27
What is the value of -7 + 2 + 3 - (29 + -23)?
-8
Evaluate -12 + 9 + 16 + 2 + -6 + 6.
15
What is -8 - -1 - (-7 - (-7 - -7))?
0
Evaluate (37 - (7 - -34)) + 1 + 13.
10
Calculate 4 + -3 + 9 - 24.
-14
-1 + (10 + -7 - -5)
7
What is 20 + -5 + -12 - (0 + (0 - -2))?
1
-1 + (6 - (-1 - (0 + -6))) + 18
18
What is (6 - (-1 - -11)) + -3 + 20?
13
1 + -20 + (-385 - -398)
-6
Calculate 6 - ((-10 - (4 - 22)) + -16).
14
What is 11 - (1 - (2 - (0 + -6 - -4)))?
14
What is (-8 - (18 + -38 - 16)) + 0 + -9?
19
What is -13 - 15 - (-9 + -1)?
-18
What is -11 - (-4 + -1 + -5) - 10?
-11
What is the value of 9 + -7 + (-13 + 2 - -4 - 3)?
-8
Calculate -20 + (5 - -7) + 1 + 1.
-6
Calculate -2 + 15 + 183 + -174.
22
Evaluate 28 + (-22 - 0) - 14.
-8
Calculate 0 - 22 - (13 - 24).
-11
(21 - (-27 - -62)) + -8
-22
Evaluate 8 + (-11 - -13) + 14.
24
Evaluate 18 - (-9 - 0 - (-13 + 2)).
16
Evaluate 16 + 3 + (0 - -1) + 4 + -3.
21
-2 + (2 - 1) + (-5 + 6 - 4)
-4
Evaluate 13 + (-16 - 4) + 13 + -1.
5
What is 26 - 21 - ((0 - 2) + 26) - 6?
-25
Calculate 24 + -18 - ((-1 - 4) + 3).
8
(-3 + 3 - 0) + (-1 - -4) + -11
-8
What is the value of (9 - (27 - (6 + 9))) + (1 - -13)?
11
Evaluate -10 - (-17 - (-3 + -2 - (3 - 0))).
-1
(-52 - -55 - (-2 - 2)) + -12
-5
What is 14 + -36 - (0 - 25)?
3
Calculate 3 + -25 + -12 + 69.
35
Calculate -13 + (0 - (-4 - (12 + -22))).
-19
What is the value of -21 - ((-43 - -22) + -5)?
5
What is 10 - ((6 - (5 + -5)) + -2) - 1?
5
Calculate 99 + -115 - (2 + -17).
-1
Calculate -8 - (3 - (-5 + 9)) - 5.
-12
What is the value of 11 - (-22 + -2 + 17 - -35)?
-17
What is -5 + -2 - (24 + (-6 - 23))?
-2
What is -5 - 17 - -10 - 1?
-13
Calculate (6 - 0) + (536 - 565).
-23
What is the value of -5 + (0 + 1 - -7) - 15?
-12
15 - (20 + (-5 - 7))
7
Calculate 6 + (0 - (33 + -17)).
-10
Calculate -9 - -1 - (3 + (1 - 8) - 6).
2
Evaluate (4 - 9) + (2 - (6 + -7)).
-2
What is -1 + 8 + -3 + 3 + 1 - 3?
5
-33 + (14 - (5 - (5 + -6))) + 2
-23
Evaluate 14 + -23 + (-9 - -10) - -1.
-7
Evaluate -5 + -7 +